{"id":17915,"date":"2025-09-18T22:10:31","date_gmt":"2025-09-18T20:10:31","guid":{"rendered":"https:\/\/www.legeasll.com\/asll\/?page_id=17915"},"modified":"2025-09-18T22:53:08","modified_gmt":"2025-09-18T20:53:08","slug":"actualites-badminton","status":"publish","type":"page","link":"https:\/\/www.legeasll.com\/asll\/actualites-badminton\/","title":{"rendered":"Actualit\u00e9s badminton"},"content":{"rendered":"<ul class=\"wp-block-latest-posts__list wp-block-latest-posts\"><li><div class=\"wp-block-latest-posts__featured-image alignleft\"><img loading=\"lazy\" decoding=\"async\" width=\"300\" height=\"169\" src=\"https:\/\/www.legeasll.com\/asll\/wp-content\/uploads\/2025\/09\/Reprise-2025-2026-300x169.jpg\" class=\"attachment-medium size-medium wp-post-image\" alt=\"\" style=\"\" srcset=\"https:\/\/www.legeasll.com\/asll\/wp-content\/uploads\/2025\/09\/Reprise-2025-2026-300x169.jpg 300w, https:\/\/www.legeasll.com\/asll\/wp-content\/uploads\/2025\/09\/Reprise-2025-2026-768x433.jpg 768w, https:\/\/www.legeasll.com\/asll\/wp-content\/uploads\/2025\/09\/Reprise-2025-2026-1024x577.jpg 1024w, https:\/\/www.legeasll.com\/asll\/wp-content\/uploads\/2025\/09\/Reprise-2025-2026-700x395.jpg 700w, https:\/\/www.legeasll.com\/asll\/wp-content\/uploads\/2025\/09\/Reprise-2025-2026-539x303.jpg 539w, https:\/\/www.legeasll.com\/asll\/wp-content\/uploads\/2025\/09\/Reprise-2025-2026.jpg 1100w\" sizes=\"auto, (max-width: 300px) 100vw, 300px\" \/><\/div><a class=\"wp-block-latest-posts__post-title\" href=\"https:\/\/www.legeasll.com\/asll\/2025\/09\/18\/cest-la-reprise-a-lasll-badminton-saison-2025-2026\/\">C\u2019est la reprise \u00e0 l\u2019ASLL Badminton \u2013 Saison 2025-2026 !<\/a><div class=\"wp-block-latest-posts__post-excerpt\">Ch\u00e8res joueuses, cher joueurs, Apr\u00e8s un bel \u00e9t\u00e9, il est temps de ressortir vos raquettes et vos baskets : la nouvelle saison 2025-2026 de badminton loisirs d\u00e9marre \u00e0 l&rsquo;ASLL ! Que vous soyez d\u00e9butant, joueur occasionnel ou pratiquant r\u00e9gulier, nos cr\u00e9neaux loisirs sont ouverts \u00e0 toutes et \u00e0 tous. L&rsquo;objectif reste le m\u00eame : partager\u2026 <a class=\"wp-block-latest-posts__read-more\" href=\"https:\/\/www.legeasll.com\/asll\/2025\/09\/18\/cest-la-reprise-a-lasll-badminton-saison-2025-2026\/\" rel=\"noopener noreferrer\">Lire la suite<span class=\"screen-reader-text\">\u00a0: C\u2019est la reprise \u00e0 l\u2019ASLL Badminton \u2013 Saison 2025-2026 !<\/span><\/a><\/div><\/li>\n<li><div class=\"wp-block-latest-posts__featured-image alignleft\"><img loading=\"lazy\" decoding=\"async\" width=\"300\" height=\"148\" src=\"https:\/\/www.legeasll.com\/asll\/wp-content\/uploads\/2017\/09\/Bad-300x148.jpg\" class=\"attachment-medium size-medium wp-post-image\" alt=\"\" style=\"\" srcset=\"https:\/\/www.legeasll.com\/asll\/wp-content\/uploads\/2017\/09\/Bad-300x148.jpg 300w, https:\/\/www.legeasll.com\/asll\/wp-content\/uploads\/2017\/09\/Bad-768x379.jpg 768w, https:\/\/www.legeasll.com\/asll\/wp-content\/uploads\/2017\/09\/Bad-1024x505.jpg 1024w, https:\/\/www.legeasll.com\/asll\/wp-content\/uploads\/2017\/09\/Bad-700x346.jpg 700w, https:\/\/www.legeasll.com\/asll\/wp-content\/uploads\/2017\/09\/Bad.jpg 1100w\" sizes=\"auto, (max-width: 300px) 100vw, 300px\" \/><\/div><a class=\"wp-block-latest-posts__post-title\" href=\"https:\/\/www.legeasll.com\/asll\/2023\/09\/07\/badminton-rentree-2016-2-2-2\/\">Reprise septembre 2023<\/a><div class=\"wp-block-latest-posts__post-excerpt\">Les s\u00e9ances de badminton loisir\u00a0pour les adultes reprendront le jeudi 7 septembre 2023 \u00e0 partir de 20h puis le mardi \u00e0 20h45. Pour adh\u00e9rer il faut un ch\u00e8que de 25\u20ac, un certificat m\u00e9dical, et remplir le petit tableau lors de la s\u00e9ance\u2026 Vous pouvez venir essayer gratuitement une ou deux s\u00e9ances ! On pr\u00eate une\u2026 <a class=\"wp-block-latest-posts__read-more\" href=\"https:\/\/www.legeasll.com\/asll\/2023\/09\/07\/badminton-rentree-2016-2-2-2\/\" rel=\"noopener noreferrer\">Lire la suite<span class=\"screen-reader-text\">\u00a0: Reprise septembre 2023<\/span><\/a><\/div><\/li>\n<\/ul>","protected":false},"excerpt":{"rendered":"","protected":false},"author":3,"featured_media":0,"parent":0,"menu_order":0,"comment_status":"closed","ping_status":"closed","template":"","meta":{"site-sidebar-layout":"default","site-content-layout":"","ast-site-content-layout":"default","site-content-style":"default","site-sidebar-style":"default","ast-global-header-display":"","ast-banner-title-visibility":"","ast-main-header-display":"","ast-hfb-above-header-display":"","ast-hfb-below-header-display":"","ast-hfb-mobile-header-display":"","site-post-title":"","ast-breadcrumbs-content":"","ast-featured-img":"","footer-sml-layout":"","theme-transparent-header-meta":"","adv-header-id-meta":"","stick-header-meta":"","header-above-stick-meta":"","header-main-stick-meta":"","header-below-stick-meta":"","astra-migrate-meta-layouts":"default","ast-page-background-enabled":"default","ast-page-background-meta":{"desktop":{"background-color":"var(--ast-global-color-5)","background-image":"","background-repeat":"repeat","background-position":"center center","background-size":"auto","background-attachment":"scroll","background-type":"","background-media":"","overlay-type":"","overlay-color":"","overlay-opacity":"","overlay-gradient":""},"tablet":{"background-color":"","background-image":"","background-repeat":"repeat","background-position":"center center","background-size":"auto","background-attachment":"scroll","background-type":"","background-media":"","overlay-type":"","overlay-color":"","overlay-opacity":"","overlay-gradient":""},"mobile":{"background-color":"","background-image":"","background-repeat":"repeat","background-position":"center center","background-size":"auto","background-attachment":"scroll","background-type":"","background-media":"","overlay-type":"","overlay-color":"","overlay-opacity":"","overlay-gradient":""}},"ast-content-background-meta":{"desktop":{"background-color":"var(--ast-global-color-4)","background-image":"","background-repeat":"repeat","background-position":"center center","background-size":"auto","background-attachment":"scroll","background-type":"","background-media":"","overlay-type":"","overlay-color":"","overlay-opacity":"","overlay-gradient":""},"tablet":{"background-color":"var(--ast-global-color-4)","background-image":"","background-repeat":"repeat","background-position":"center center","background-size":"auto","background-attachment":"scroll","background-type":"","background-media":"","overlay-type":"","overlay-color":"","overlay-opacity":"","overlay-gradient":""},"mobile":{"background-color":"var(--ast-global-color-4)","background-image":"","background-repeat":"repeat","background-position":"center center","background-size":"auto","background-attachment":"scroll","background-type":"","background-media":"","overlay-type":"","overlay-color":"","overlay-opacity":"","overlay-gradient":""}},"footnotes":""},"class_list":["post-17915","page","type-page","status-publish","hentry"],"_links":{"self":[{"href":"https:\/\/www.legeasll.com\/asll\/wp-json\/wp\/v2\/pages\/17915","targetHints":{"allow":["GET"]}}],"collection":[{"href":"https:\/\/www.legeasll.com\/asll\/wp-json\/wp\/v2\/pages"}],"about":[{"href":"https:\/\/www.legeasll.com\/asll\/wp-json\/wp\/v2\/types\/page"}],"author":[{"embeddable":true,"href":"https:\/\/www.legeasll.com\/asll\/wp-json\/wp\/v2\/users\/3"}],"replies":[{"embeddable":true,"href":"https:\/\/www.legeasll.com\/asll\/wp-json\/wp\/v2\/comments?post=17915"}],"version-history":[{"count":7,"href":"https:\/\/www.legeasll.com\/asll\/wp-json\/wp\/v2\/pages\/17915\/revisions"}],"predecessor-version":[{"id":17941,"href":"https:\/\/www.legeasll.com\/asll\/wp-json\/wp\/v2\/pages\/17915\/revisions\/17941"}],"wp:attachment":[{"href":"https:\/\/www.legeasll.com\/asll\/wp-json\/wp\/v2\/media?parent=17915"}],"curies":[{"name":"wp","href":"https:\/\/api.w.org\/{rel}","templated":true}]}}